{"id":352,"date":"2024-08-06T11:22:24","date_gmt":"2024-08-06T09:22:24","guid":{"rendered":"https:\/\/ozea.fr\/esat-claude-martiniere\/?page_id=352"},"modified":"2026-03-12T16:25:56","modified_gmt":"2026-03-12T15:25:56","slug":"espaces-vert","status":"publish","type":"page","link":"https:\/\/ozea.fr\/esat-claude-martiniere\/espaces-vert\/","title":{"rendered":"Espaces verts"},"content":{"rendered":"\t\t<div data-elementor-type=\"wp-page\" data-elementor-id=\"352\" class=\"elementor elementor-352\" data-elementor-post-type=\"page\">\n\t\t\t\t\t\t<section class=\"elementor-section elementor-top-section elementor-element elementor-element-7bee031 elementor-section-height-min-height elementor-section-boxed elementor-section-height-default elementor-section-items-middle\" data-id=\"7bee031\" data-element_type=\"section\" data-e-type=\"section\" data-settings=\"{&quot;background_background&quot;:&quot;classic&quot;}\">\n\t\t\t\t\t\t\t<div class=\"elementor-background-overlay\"><\/div>\n\t\t\t\t\t\t\t<div class=\"elementor-container elementor-column-gap-default\">\n\t\t\t\t\t<div class=\"elementor-column elementor-col-100 elementor-top-column elementor-element elementor-element-d74fc0b\" data-id=\"d74fc0b\" data-element_type=\"column\" data-e-type=\"column\">\n\t\t\t<div class=\"elementor-widget-wrap elementor-element-populated\">\n\t\t\t\t\t\t<div class=\"elementor-element elementor-element-cec1a4f elementor-widget elementor-widget-heading\" data-id=\"cec1a4f\" data-element_type=\"widget\" data-e-type=\"widget\" data-widget_type=\"heading.default\">\n\t\t\t\t<div class=\"elementor-widget-container\">\n\t\t\t\t\t<h1 class=\"elementor-heading-title elementor-size-default\">Espaces verts<\/h1>\t\t\t\t<\/div>\n\t\t\t\t<\/div>\n\t\t\t\t<div class=\"elementor-element elementor-element-56057be elementor-widget elementor-widget-heading\" data-id=\"56057be\" data-element_type=\"widget\" data-e-type=\"widget\" data-widget_type=\"heading.default\">\n\t\t\t\t<div class=\"elementor-widget-container\">\n\t\t\t\t\t<h5 class=\"elementor-heading-title elementor-size-default\">Entretien des parcs et jardins pour particuliers, entreprises et collectivit\u00e9s<\/h5>\t\t\t\t<\/div>\n\t\t\t\t<\/div>\n\t\t\t\t<div class=\"elementor-element elementor-element-5cc2bf7 elementor-align-center elementor-widget elementor-widget-button\" data-id=\"5cc2bf7\" data-element_type=\"widget\" data-e-type=\"widget\" data-widget_type=\"button.default\">\n\t\t\t\t<div class=\"elementor-widget-container\">\n\t\t\t\t\t\t\t\t\t<div class=\"elementor-button-wrapper\">\n\t\t\t\t\t<a class=\"elementor-button elementor-button-link elementor-size-sm\" href=\"#commander\">\n\t\t\t\t\t\t<span class=\"elementor-button-content-wrapper\">\n\t\t\t\t\t\t\t\t\t<span class=\"elementor-button-text\">Renseignements et tarifs sur demande<\/span>\n\t\t\t\t\t<\/span>\n\t\t\t\t\t<\/a>\n\t\t\t\t<\/div>\n\t\t\t\t\t\t\t\t<\/div>\n\t\t\t\t<\/div>\n\t\t\t\t\t<\/div>\n\t\t<\/div>\n\t\t\t\t\t<\/div>\n\t\t<\/section>\n\t\t\t\t<section class=\"elementor-section elementor-top-section elementor-element elementor-element-2bef6b3 elementor-section-boxed elementor-section-height-default elementor-section-height-default\" data-id=\"2bef6b3\" data-element_type=\"section\" data-e-type=\"section\" data-settings=\"{&quot;background_background&quot;:&quot;classic&quot;}\">\n\t\t\t\t\t\t<div class=\"elementor-container elementor-column-gap-default\">\n\t\t\t\t\t<div class=\"elementor-column elementor-col-100 elementor-top-column elementor-element elementor-element-86122e2\" data-id=\"86122e2\" data-element_type=\"column\" data-e-type=\"column\" data-settings=\"{&quot;background_background&quot;:&quot;classic&quot;}\">\n\t\t\t<div class=\"elementor-widget-wrap elementor-element-populated\">\n\t\t\t\t\t\t<section class=\"elementor-section elementor-inner-section elementor-element elementor-element-6dce770 elementor-section-boxed elementor-section-height-default elementor-section-height-default\" data-id=\"6dce770\" data-element_type=\"section\" data-e-type=\"section\">\n\t\t\t\t\t\t<div class=\"elementor-container elementor-column-gap-default\">\n\t\t\t\t\t<div class=\"elementor-column elementor-col-100 elementor-inner-column elementor-element elementor-element-41b9890\" data-id=\"41b9890\" data-element_type=\"column\" data-e-type=\"column\">\n\t\t\t<div class=\"elementor-widget-wrap elementor-element-populated\">\n\t\t\t\t\t\t<div class=\"elementor-element elementor-element-5ea897b elementor-widget elementor-widget-heading\" data-id=\"5ea897b\" data-element_type=\"widget\" data-e-type=\"widget\" data-widget_type=\"heading.default\">\n\t\t\t\t<div class=\"elementor-widget-container\">\n\t\t\t\t\t<h3 class=\"elementor-heading-title elementor-size-default\">L'ESAT CLAUDE MARTINIERE ENTRETIENT VOS PARCS ET JARDINS DANS UN RAYON DE 20 KM AUTOUR DE LA VILLE DE SCA\u00cbR.<br>PARTICULIERS, ENTREPRISES OU COLLECTIVIT\u00c9S, CONTACTEZ NOUS POUR RECEVOIR DES RENSEIGNEMENTS ET UN DEVIS PERSONNALIS\u00c9.<\/h3>\t\t\t\t<\/div>\n\t\t\t\t<\/div>\n\t\t\t\t<div class=\"elementor-element elementor-element-37cecab elementor-widget elementor-widget-text-editor\" data-id=\"37cecab\" data-element_type=\"widget\" data-e-type=\"widget\" data-widget_type=\"text-editor.default\">\n\t\t\t\t<div class=\"elementor-widget-container\">\n\t\t\t\t\t\t\t\t\t<p><strong>L\u2019\u00e9quipe des espaces verts de l&rsquo;ESAT Claude Martini\u00e8re, compos\u00e9e de 11 travailleurs encadr\u00e9s par un moniteur d&rsquo;atelier, est experte dans l&rsquo;entretien des parcs et jardins et utilise du mat\u00e9riel professionnel et adapt\u00e9 pour r\u00e9pondre au mieux \u00e0 vos besoins et attentes.<\/strong><\/p><p>L&rsquo;ESAT Claude Martini\u00e8re soucieux de l&rsquo;environnement et de la protection de la biodiversit\u00e9 n&rsquo;utilise aucun produit phytosanitaire.<\/p>\t\t\t\t\t\t\t\t<\/div>\n\t\t\t\t<\/div>\n\t\t\t\t\t<\/div>\n\t\t<\/div>\n\t\t\t\t\t<\/div>\n\t\t<\/section>\n\t\t\t\t\t<\/div>\n\t\t<\/div>\n\t\t\t\t\t<\/div>\n\t\t<\/section>\n\t\t\t\t<section class=\"elementor-section elementor-top-section elementor-element elementor-element-d43cc3a elementor-section-boxed elementor-section-height-default elementor-section-height-default\" data-id=\"d43cc3a\" data-element_type=\"section\" data-e-type=\"section\" data-settings=\"{&quot;background_background&quot;:&quot;classic&quot;}\">\n\t\t\t\t\t\t<div class=\"elementor-container elementor-column-gap-default\">\n\t\t\t\t\t<div class=\"elementor-column elementor-col-50 elementor-top-column elementor-element elementor-element-f61513d\" data-id=\"f61513d\" data-element_type=\"column\" data-e-type=\"column\" data-settings=\"{&quot;background_background&quot;:&quot;classic&quot;}\">\n\t\t\t<div class=\"elementor-widget-wrap elementor-element-populated\">\n\t\t\t\t\t\t<div class=\"elementor-element elementor-element-aa10c3b elementor-widget elementor-widget-image\" data-id=\"aa10c3b\" data-element_type=\"widget\" data-e-type=\"widget\" data-widget_type=\"image.default\">\n\t\t\t\t<div class=\"elementor-widget-container\">\n\t\t\t\t\t\t\t\t\t\t\t\t\t\t\t<img fetchpriority=\"high\" decoding=\"async\" width=\"768\" height=\"576\" src=\"https:\/\/ozea.fr\/esat-claude-martiniere\/wp-content\/uploads\/sites\/2\/2024\/08\/IMG_2687-768x576.jpg\" class=\"attachment-medium_large size-medium_large wp-image-447\" alt=\"Taille de haies par l&#039;ESAT Claude Martini\u00e8re - Groupement APAJH 22-29-35\" srcset=\"https:\/\/ozea.fr\/esat-claude-martiniere\/wp-content\/uploads\/sites\/2\/2024\/08\/IMG_2687-768x576.jpg 768w, https:\/\/ozea.fr\/esat-claude-martiniere\/wp-content\/uploads\/sites\/2\/2024\/08\/IMG_2687-300x225.jpg 300w, https:\/\/ozea.fr\/esat-claude-martiniere\/wp-content\/uploads\/sites\/2\/2024\/08\/IMG_2687.jpg 1000w\" sizes=\"(max-width: 768px) 100vw, 768px\" \/>\t\t\t\t\t\t\t\t\t\t\t\t\t\t\t<\/div>\n\t\t\t\t<\/div>\n\t\t\t\t<div class=\"elementor-element elementor-element-2644843 elementor-widget elementor-widget-image\" data-id=\"2644843\" data-element_type=\"widget\" data-e-type=\"widget\" data-widget_type=\"image.default\">\n\t\t\t\t<div class=\"elementor-widget-container\">\n\t\t\t\t\t\t\t\t\t\t\t\t\t\t\t<img decoding=\"async\" width=\"768\" height=\"576\" src=\"https:\/\/ozea.fr\/esat-claude-martiniere\/wp-content\/uploads\/sites\/2\/2024\/08\/IMG_2721-768x576.jpg\" class=\"attachment-medium_large size-medium_large wp-image-453\" alt=\"\" srcset=\"https:\/\/ozea.fr\/esat-claude-martiniere\/wp-content\/uploads\/sites\/2\/2024\/08\/IMG_2721-768x576.jpg 768w, https:\/\/ozea.fr\/esat-claude-martiniere\/wp-content\/uploads\/sites\/2\/2024\/08\/IMG_2721-300x225.jpg 300w, https:\/\/ozea.fr\/esat-claude-martiniere\/wp-content\/uploads\/sites\/2\/2024\/08\/IMG_2721.jpg 1000w\" sizes=\"(max-width: 768px) 100vw, 768px\" \/>\t\t\t\t\t\t\t\t\t\t\t\t\t\t\t<\/div>\n\t\t\t\t<\/div>\n\t\t\t\t<div class=\"elementor-element elementor-element-83d5289 elementor-widget elementor-widget-heading\" data-id=\"83d5289\" data-element_type=\"widget\" data-e-type=\"widget\" data-widget_type=\"heading.default\">\n\t\t\t\t<div class=\"elementor-widget-container\">\n\t\t\t\t\t<h3 class=\"elementor-heading-title elementor-size-default\">TAILLE DE HAIES<\/h3>\t\t\t\t<\/div>\n\t\t\t\t<\/div>\n\t\t\t\t\t<\/div>\n\t\t<\/div>\n\t\t\t\t<div class=\"elementor-column elementor-col-50 elementor-top-column elementor-element elementor-element-b7196d8\" data-id=\"b7196d8\" data-element_type=\"column\" data-e-type=\"column\" data-settings=\"{&quot;background_background&quot;:&quot;classic&quot;}\">\n\t\t\t<div class=\"elementor-widget-wrap elementor-element-populated\">\n\t\t\t\t\t\t<div class=\"elementor-element elementor-element-8c40148 elementor-widget elementor-widget-image\" data-id=\"8c40148\" data-element_type=\"widget\" data-e-type=\"widget\" data-widget_type=\"image.default\">\n\t\t\t\t<div class=\"elementor-widget-container\">\n\t\t\t\t\t\t\t\t\t\t\t\t\t\t\t<img decoding=\"async\" width=\"768\" height=\"576\" src=\"https:\/\/ozea.fr\/esat-claude-martiniere\/wp-content\/uploads\/sites\/2\/2024\/08\/IMG_2189-768x576.jpg\" class=\"attachment-medium_large size-medium_large wp-image-443\" alt=\"Entretien des pelouses par l&#039;ESAT Claude Martini\u00e8re - Groupement APAJH 22-29-35\" srcset=\"https:\/\/ozea.fr\/esat-claude-martiniere\/wp-content\/uploads\/sites\/2\/2024\/08\/IMG_2189-768x576.jpg 768w, https:\/\/ozea.fr\/esat-claude-martiniere\/wp-content\/uploads\/sites\/2\/2024\/08\/IMG_2189-300x225.jpg 300w, https:\/\/ozea.fr\/esat-claude-martiniere\/wp-content\/uploads\/sites\/2\/2024\/08\/IMG_2189.jpg 1000w\" sizes=\"(max-width: 768px) 100vw, 768px\" \/>\t\t\t\t\t\t\t\t\t\t\t\t\t\t\t<\/div>\n\t\t\t\t<\/div>\n\t\t\t\t<div class=\"elementor-element elementor-element-7c08ac8 elementor-widget elementor-widget-image\" data-id=\"7c08ac8\" data-element_type=\"widget\" data-e-type=\"widget\" data-widget_type=\"image.default\">\n\t\t\t\t<div class=\"elementor-widget-container\">\n\t\t\t\t\t\t\t\t\t\t\t\t\t\t\t<img loading=\"lazy\" decoding=\"async\" width=\"768\" height=\"576\" src=\"https:\/\/ozea.fr\/esat-claude-martiniere\/wp-content\/uploads\/sites\/2\/2024\/08\/IMG_2196-768x576.jpg\" class=\"attachment-medium_large size-medium_large wp-image-444\" alt=\"\" srcset=\"https:\/\/ozea.fr\/esat-claude-martiniere\/wp-content\/uploads\/sites\/2\/2024\/08\/IMG_2196-768x576.jpg 768w, https:\/\/ozea.fr\/esat-claude-martiniere\/wp-content\/uploads\/sites\/2\/2024\/08\/IMG_2196-300x225.jpg 300w, https:\/\/ozea.fr\/esat-claude-martiniere\/wp-content\/uploads\/sites\/2\/2024\/08\/IMG_2196.jpg 1000w\" sizes=\"(max-width: 768px) 100vw, 768px\" \/>\t\t\t\t\t\t\t\t\t\t\t\t\t\t\t<\/div>\n\t\t\t\t<\/div>\n\t\t\t\t<div class=\"elementor-element elementor-element-fbc6421 elementor-widget elementor-widget-heading\" data-id=\"fbc6421\" data-element_type=\"widget\" data-e-type=\"widget\" data-widget_type=\"heading.default\">\n\t\t\t\t<div class=\"elementor-widget-container\">\n\t\t\t\t\t<h3 class=\"elementor-heading-title elementor-size-default\">entretien des pelouses et des gazons debroussaillage<\/h3>\t\t\t\t<\/div>\n\t\t\t\t<\/div>\n\t\t\t\t\t<\/div>\n\t\t<\/div>\n\t\t\t\t\t<\/div>\n\t\t<\/section>\n\t\t\t\t<section class=\"elementor-section elementor-top-section elementor-element elementor-element-14ce3e0 elementor-section-boxed elementor-section-height-default elementor-section-height-default\" data-id=\"14ce3e0\" data-element_type=\"section\" data-e-type=\"section\" data-settings=\"{&quot;background_background&quot;:&quot;classic&quot;}\">\n\t\t\t\t\t\t<div class=\"elementor-container elementor-column-gap-default\">\n\t\t\t\t\t<div class=\"elementor-column elementor-col-100 elementor-top-column elementor-element elementor-element-9cbe5da\" data-id=\"9cbe5da\" data-element_type=\"column\" data-e-type=\"column\">\n\t\t\t<div class=\"elementor-widget-wrap elementor-element-populated\">\n\t\t\t\t\t\t<div class=\"elementor-element elementor-element-8a89d43 elementor-widget elementor-widget-menu-anchor\" data-id=\"8a89d43\" data-element_type=\"widget\" data-e-type=\"widget\" data-widget_type=\"menu-anchor.default\">\n\t\t\t\t<div class=\"elementor-widget-container\">\n\t\t\t\t\t\t\t<div class=\"elementor-menu-anchor\" id=\"commander\"><\/div>\n\t\t\t\t\t\t<\/div>\n\t\t\t\t<\/div>\n\t\t\t\t<div class=\"elementor-element elementor-element-06ca274 elementor-widget elementor-widget-heading\" data-id=\"06ca274\" data-element_type=\"widget\" data-e-type=\"widget\" data-widget_type=\"heading.default\">\n\t\t\t\t<div class=\"elementor-widget-container\">\n\t\t\t\t\t<h2 class=\"elementor-heading-title elementor-size-default\">JE SOUHAITE AVOIR DES RENSEIGNEMENTS<\/h2>\t\t\t\t<\/div>\n\t\t\t\t<\/div>\n\t\t\t\t\t<\/div>\n\t\t<\/div>\n\t\t\t\t\t<\/div>\n\t\t<\/section>\n\t\t\t\t<section class=\"elementor-section elementor-top-section elementor-element elementor-element-2a09579 elementor-section-boxed elementor-section-height-default elementor-section-height-default\" data-id=\"2a09579\" data-element_type=\"section\" data-e-type=\"section\" data-settings=\"{&quot;background_background&quot;:&quot;classic&quot;}\">\n\t\t\t\t\t\t<div class=\"elementor-container elementor-column-gap-default\">\n\t\t\t\t\t<div class=\"elementor-column elementor-col-100 elementor-top-column elementor-element elementor-element-dd36221\" data-id=\"dd36221\" data-element_type=\"column\" data-e-type=\"column\" data-settings=\"{&quot;background_background&quot;:&quot;classic&quot;}\">\n\t\t\t<div class=\"elementor-widget-wrap elementor-element-populated\">\n\t\t\t\t\t\t<div class=\"elementor-element elementor-element-004e591 elementor-widget elementor-widget-text-editor\" data-id=\"004e591\" data-element_type=\"widget\" data-e-type=\"widget\" id=\"reader352\" data-widget_type=\"text-editor.default\">\n\t\t\t\t<div class=\"elementor-widget-container\">\n\t\t\t\t\t\t\t\t\t<h3>par t\u00e9l\u00e9phone : 02 98 59 46 43<\/h3><h3>par mail : <a href=\"mailto:esatmartiniere@ozea.fr\">esatmartiniere@ozea.fr<\/a><\/h3>\t\t\t\t\t\t\t\t<\/div>\n\t\t\t\t<\/div>\n\t\t\t\t\t<\/div>\n\t\t<\/div>\n\t\t\t\t\t<\/div>\n\t\t<\/section>\n\t\t\t\t<\/div>\n\t\t","protected":false},"excerpt":{"rendered":"<p>Espaces verts Entretien des parcs et jardins pour particuliers, entreprises et collectivit\u00e9s Renseignements et tarifs sur demande L&rsquo;ESAT CLAUDE MARTINIERE ENTRETIENT VOS PARCS ET JARDINS DANS UN RAYON DE 20 KM AUTOUR DE LA VILLE DE SCA\u00cbR.PARTICULIERS, ENTREPRISES OU COLLECTIVIT\u00c9S, CONTACTEZ NOUS POUR RECEVOIR DES RENSEIGNEMENTS ET UN DEVIS PERSONNALIS\u00c9. L\u2019\u00e9quipe des espaces verts de [&hellip;]<\/p>\n","protected":false},"author":1,"featured_media":0,"parent":0,"menu_order":0,"comment_status":"closed","ping_status":"closed","template":"","meta":{"footnotes":""},"class_list":["post-352","page","type-page","status-publish","hentry"],"yoast_head":"<!-- This site is optimized with the Yoast SEO plugin v27.5 - https:\/\/yoast.com\/product\/yoast-seo-wordpress\/ -->\n<title>Espaces verts - ESAT Claude Martini\u00e8re<\/title>\n<meta name=\"description\" content=\"L\u2019atelier charcuterie fabrique artisanalement une large gamme de produits charcutiers b\u00e9n\u00e9ficiant de la mention AB \u00e0 partir des productions de la ferme. Ces produits sont vendus sur les march\u00e9s locaux et en vente directe \u00e0 l&#039;ESAT Claude Martini\u00e8re.\" \/>\n<meta name=\"robots\" content=\"index, follow, max-snippet:-1, max-image-preview:large, max-video-preview:-1\" \/>\n<link rel=\"canonical\" href=\"https:\/\/ozea.fr\/esat-claude-martiniere\/espaces-vert\/\" \/>\n<meta property=\"og:locale\" content=\"fr_FR\" \/>\n<meta property=\"og:type\" content=\"article\" \/>\n<meta property=\"og:title\" content=\"Espaces verts - ESAT Claude Martini\u00e8re\" \/>\n<meta property=\"og:description\" content=\"L\u2019atelier charcuterie fabrique artisanalement une large gamme de produits charcutiers b\u00e9n\u00e9ficiant de la mention AB \u00e0 partir des productions de la ferme. Ces produits sont vendus sur les march\u00e9s locaux et en vente directe \u00e0 l&#039;ESAT Claude Martini\u00e8re.\" \/>\n<meta property=\"og:url\" content=\"https:\/\/ozea.fr\/esat-claude-martiniere\/espaces-vert\/\" \/>\n<meta property=\"og:site_name\" content=\"ESAT Claude Martini\u00e8re\" \/>\n<meta property=\"article:modified_time\" content=\"2026-03-12T15:25:56+00:00\" \/>\n<meta property=\"og:image\" content=\"https:\/\/ozea.fr\/esat-claude-martiniere\/wp-content\/uploads\/sites\/2\/2024\/08\/IMG_2687.jpg\" \/>\n\t<meta property=\"og:image:width\" content=\"1000\" \/>\n\t<meta property=\"og:image:height\" content=\"750\" \/>\n\t<meta property=\"og:image:type\" content=\"image\/jpeg\" \/>\n<meta name=\"twitter:card\" content=\"summary_large_image\" \/>\n<meta name=\"twitter:label1\" content=\"Dur\u00e9e de lecture estim\u00e9e\" \/>\n\t<meta name=\"twitter:data1\" content=\"2 minutes\" \/>\n<script type=\"application\/ld+json\" class=\"yoast-schema-graph\">{\"@context\":\"https:\\\/\\\/schema.org\",\"@graph\":[{\"@type\":\"WebPage\",\"@id\":\"https:\\\/\\\/ozea.fr\\\/esat-claude-martiniere\\\/espaces-vert\\\/\",\"url\":\"https:\\\/\\\/ozea.fr\\\/esat-claude-martiniere\\\/espaces-vert\\\/\",\"name\":\"Espaces verts - ESAT Claude Martini\u00e8re\",\"isPartOf\":{\"@id\":\"https:\\\/\\\/ozea.fr\\\/esat-claude-martiniere\\\/#website\"},\"primaryImageOfPage\":{\"@id\":\"https:\\\/\\\/ozea.fr\\\/esat-claude-martiniere\\\/espaces-vert\\\/#primaryimage\"},\"image\":{\"@id\":\"https:\\\/\\\/ozea.fr\\\/esat-claude-martiniere\\\/espaces-vert\\\/#primaryimage\"},\"thumbnailUrl\":\"https:\\\/\\\/ozea.fr\\\/esat-claude-martiniere\\\/wp-content\\\/uploads\\\/sites\\\/2\\\/2024\\\/08\\\/IMG_2687-768x576.jpg\",\"datePublished\":\"2024-08-06T09:22:24+00:00\",\"dateModified\":\"2026-03-12T15:25:56+00:00\",\"description\":\"L\u2019atelier charcuterie fabrique artisanalement une large gamme de produits charcutiers b\u00e9n\u00e9ficiant de la mention AB \u00e0 partir des productions de la ferme. Ces produits sont vendus sur les march\u00e9s locaux et en vente directe \u00e0 l'ESAT Claude Martini\u00e8re.\",\"breadcrumb\":{\"@id\":\"https:\\\/\\\/ozea.fr\\\/esat-claude-martiniere\\\/espaces-vert\\\/#breadcrumb\"},\"inLanguage\":\"fr-FR\",\"potentialAction\":[{\"@type\":\"ReadAction\",\"target\":[\"https:\\\/\\\/ozea.fr\\\/esat-claude-martiniere\\\/espaces-vert\\\/\"]}]},{\"@type\":\"ImageObject\",\"inLanguage\":\"fr-FR\",\"@id\":\"https:\\\/\\\/ozea.fr\\\/esat-claude-martiniere\\\/espaces-vert\\\/#primaryimage\",\"url\":\"https:\\\/\\\/ozea.fr\\\/esat-claude-martiniere\\\/wp-content\\\/uploads\\\/sites\\\/2\\\/2024\\\/08\\\/IMG_2687.jpg\",\"contentUrl\":\"https:\\\/\\\/ozea.fr\\\/esat-claude-martiniere\\\/wp-content\\\/uploads\\\/sites\\\/2\\\/2024\\\/08\\\/IMG_2687.jpg\",\"width\":1000,\"height\":750,\"caption\":\"Taille de haies par l'ESAT Claude Martini\u00e8re - Groupement APAJH 22-29-35\"},{\"@type\":\"BreadcrumbList\",\"@id\":\"https:\\\/\\\/ozea.fr\\\/esat-claude-martiniere\\\/espaces-vert\\\/#breadcrumb\",\"itemListElement\":[{\"@type\":\"ListItem\",\"position\":1,\"name\":\"Accueil\",\"item\":\"https:\\\/\\\/ozea.fr\\\/esat-claude-martiniere\\\/\"},{\"@type\":\"ListItem\",\"position\":2,\"name\":\"Espaces verts\"}]},{\"@type\":\"WebSite\",\"@id\":\"https:\\\/\\\/ozea.fr\\\/esat-claude-martiniere\\\/#website\",\"url\":\"https:\\\/\\\/ozea.fr\\\/esat-claude-martiniere\\\/\",\"name\":\"ESAT Claude Martini\u00e8re\",\"description\":\"Un \u00e9tablissement de l&#039;Apahj 22 29 35\",\"potentialAction\":[{\"@type\":\"SearchAction\",\"target\":{\"@type\":\"EntryPoint\",\"urlTemplate\":\"https:\\\/\\\/ozea.fr\\\/esat-claude-martiniere\\\/?s={search_term_string}\"},\"query-input\":{\"@type\":\"PropertyValueSpecification\",\"valueRequired\":true,\"valueName\":\"search_term_string\"}}],\"inLanguage\":\"fr-FR\"}]}<\/script>\n<!-- \/ Yoast SEO plugin. -->","yoast_head_json":{"title":"Espaces verts - ESAT Claude Martini\u00e8re","description":"L\u2019atelier charcuterie fabrique artisanalement une large gamme de produits charcutiers b\u00e9n\u00e9ficiant de la mention AB \u00e0 partir des productions de la ferme. Ces produits sont vendus sur les march\u00e9s locaux et en vente directe \u00e0 l'ESAT Claude Martini\u00e8re.","robots":{"index":"index","follow":"follow","max-snippet":"max-snippet:-1","max-image-preview":"max-image-preview:large","max-video-preview":"max-video-preview:-1"},"canonical":"https:\/\/ozea.fr\/esat-claude-martiniere\/espaces-vert\/","og_locale":"fr_FR","og_type":"article","og_title":"Espaces verts - ESAT Claude Martini\u00e8re","og_description":"L\u2019atelier charcuterie fabrique artisanalement une large gamme de produits charcutiers b\u00e9n\u00e9ficiant de la mention AB \u00e0 partir des productions de la ferme. Ces produits sont vendus sur les march\u00e9s locaux et en vente directe \u00e0 l'ESAT Claude Martini\u00e8re.","og_url":"https:\/\/ozea.fr\/esat-claude-martiniere\/espaces-vert\/","og_site_name":"ESAT Claude Martini\u00e8re","article_modified_time":"2026-03-12T15:25:56+00:00","og_image":[{"width":1000,"height":750,"url":"https:\/\/ozea.fr\/esat-claude-martiniere\/wp-content\/uploads\/sites\/2\/2024\/08\/IMG_2687.jpg","type":"image\/jpeg"}],"twitter_card":"summary_large_image","twitter_misc":{"Dur\u00e9e de lecture estim\u00e9e":"2 minutes"},"schema":{"@context":"https:\/\/schema.org","@graph":[{"@type":"WebPage","@id":"https:\/\/ozea.fr\/esat-claude-martiniere\/espaces-vert\/","url":"https:\/\/ozea.fr\/esat-claude-martiniere\/espaces-vert\/","name":"Espaces verts - ESAT Claude Martini\u00e8re","isPartOf":{"@id":"https:\/\/ozea.fr\/esat-claude-martiniere\/#website"},"primaryImageOfPage":{"@id":"https:\/\/ozea.fr\/esat-claude-martiniere\/espaces-vert\/#primaryimage"},"image":{"@id":"https:\/\/ozea.fr\/esat-claude-martiniere\/espaces-vert\/#primaryimage"},"thumbnailUrl":"https:\/\/ozea.fr\/esat-claude-martiniere\/wp-content\/uploads\/sites\/2\/2024\/08\/IMG_2687-768x576.jpg","datePublished":"2024-08-06T09:22:24+00:00","dateModified":"2026-03-12T15:25:56+00:00","description":"L\u2019atelier charcuterie fabrique artisanalement une large gamme de produits charcutiers b\u00e9n\u00e9ficiant de la mention AB \u00e0 partir des productions de la ferme. Ces produits sont vendus sur les march\u00e9s locaux et en vente directe \u00e0 l'ESAT Claude Martini\u00e8re.","breadcrumb":{"@id":"https:\/\/ozea.fr\/esat-claude-martiniere\/espaces-vert\/#breadcrumb"},"inLanguage":"fr-FR","potentialAction":[{"@type":"ReadAction","target":["https:\/\/ozea.fr\/esat-claude-martiniere\/espaces-vert\/"]}]},{"@type":"ImageObject","inLanguage":"fr-FR","@id":"https:\/\/ozea.fr\/esat-claude-martiniere\/espaces-vert\/#primaryimage","url":"https:\/\/ozea.fr\/esat-claude-martiniere\/wp-content\/uploads\/sites\/2\/2024\/08\/IMG_2687.jpg","contentUrl":"https:\/\/ozea.fr\/esat-claude-martiniere\/wp-content\/uploads\/sites\/2\/2024\/08\/IMG_2687.jpg","width":1000,"height":750,"caption":"Taille de haies par l'ESAT Claude Martini\u00e8re - Groupement APAJH 22-29-35"},{"@type":"BreadcrumbList","@id":"https:\/\/ozea.fr\/esat-claude-martiniere\/espaces-vert\/#breadcrumb","itemListElement":[{"@type":"ListItem","position":1,"name":"Accueil","item":"https:\/\/ozea.fr\/esat-claude-martiniere\/"},{"@type":"ListItem","position":2,"name":"Espaces verts"}]},{"@type":"WebSite","@id":"https:\/\/ozea.fr\/esat-claude-martiniere\/#website","url":"https:\/\/ozea.fr\/esat-claude-martiniere\/","name":"ESAT Claude Martini\u00e8re","description":"Un \u00e9tablissement de l&#039;Apahj 22 29 35","potentialAction":[{"@type":"SearchAction","target":{"@type":"EntryPoint","urlTemplate":"https:\/\/ozea.fr\/esat-claude-martiniere\/?s={search_term_string}"},"query-input":{"@type":"PropertyValueSpecification","valueRequired":true,"valueName":"search_term_string"}}],"inLanguage":"fr-FR"}]}},"_links":{"self":[{"href":"https:\/\/ozea.fr\/esat-claude-martiniere\/wp-json\/wp\/v2\/pages\/352","targetHints":{"allow":["GET"]}}],"collection":[{"href":"https:\/\/ozea.fr\/esat-claude-martiniere\/wp-json\/wp\/v2\/pages"}],"about":[{"href":"https:\/\/ozea.fr\/esat-claude-martiniere\/wp-json\/wp\/v2\/types\/page"}],"author":[{"embeddable":true,"href":"https:\/\/ozea.fr\/esat-claude-martiniere\/wp-json\/wp\/v2\/users\/1"}],"replies":[{"embeddable":true,"href":"https:\/\/ozea.fr\/esat-claude-martiniere\/wp-json\/wp\/v2\/comments?post=352"}],"version-history":[{"count":38,"href":"https:\/\/ozea.fr\/esat-claude-martiniere\/wp-json\/wp\/v2\/pages\/352\/revisions"}],"predecessor-version":[{"id":1136,"href":"https:\/\/ozea.fr\/esat-claude-martiniere\/wp-json\/wp\/v2\/pages\/352\/revisions\/1136"}],"wp:attachment":[{"href":"https:\/\/ozea.fr\/esat-claude-martiniere\/wp-json\/wp\/v2\/media?parent=352"}],"curies":[{"name":"wp","href":"https:\/\/api.w.org\/{rel}","templated":true}]}}